e highest common factor of 15656 and 164594.
206
Calculate the highest common factor of 16755 and 578070.
15
What is the highest common factor of 498604 and 6696?
124
Calculate the highest common factor of 33616416 and 2120.
424
What is the greatest common divisor of 1595522 and 12557?
29
Calculate the greatest common divisor of 2388581 and 221650.
403
Calculate the greatest common factor of 10264125 and 165.
15
Calculate the greatest common factor of 2247 and 34391833.
749
What is the greatest common divisor of 10080 and 117756?
36
What is the greatest common divisor of 3640 and 123350?
10
What is the greatest common factor of 14239735 and 262070?
1795
What is the highest common divisor of 9 and 49089897?
9
What is the greatest common divisor of 3651 and 128666108?
1217
Calculate the greatest common factor of 1243956 and 14307.
753
Calculate the greatest common divisor of 5109490 and 1424.
178
Calculate the greatest common factor of 630 and 13687590.
210
What is the highest common factor of 6480725 and 50?
25
Calculate the highest common divisor of 35378648 and 72.
8
What is the highest common factor of 73235 and 40837?
97
What is the greatest common factor of 632 and 3763244?
316
What is the highest common factor of 4998 and 1492005?
51
Calculate the greatest common divisor of 3595 and 7845009.
719
Calculate the highest common divisor of 4028 and 975688342.
2014
What is the greatest common factor of 42444054 and 702?
54
Calculate the highest common factor of 1149 and 418218.
3
What is the greatest common factor of 443095796 and 572?
572
Calculate the highest common divisor of 5903807 and 22659.
91
What is the highest common factor of 27 and 4739796?
27
What is the highest common factor of 3875004 and 30?
6
Calculate the highest common factor of 160 and 60042240.
160
What is the highest common divisor of 52288 and 2713504?
608
Calculate the highest common factor of 684151 and 468.
13
What is the greatest common factor of 6691971 and 2299?
209
Calculate the highest common factor of 471234873 and 1038.
519
What is the greatest common factor of 414 and 3668086?
46
Calculate the highest common divisor of 536 and 6995738.
134
Calculate the highest common factor of 168 and 45857.
7
Calculate the highest common divisor of 408033 and 1413.
9
What is the greatest common divisor of 25338 and 340218?
246
Calculate the greatest common factor of 1940 and 114400.
20
Calculate the greatest common factor of 9524914 and 2324.
1162
Calculate the highest common divisor of 1619420 and 460.
20
What is the greatest common divisor of 694188 and 11121?
33
What is the highest common divisor of 24 and 11250566?
2
Calculate the greatest common factor of 214014 and 3498.
318
Calculate the highest common divisor of 75 and 243093475.
25
What is the greatest common divisor of 1260 and 46770360?
420
What is the highest common factor of 12 and 14913786?
6
What is the greatest common divisor of 20385 and 147123?
27
Calculate the highest common factor of 9345281 and 649.
11
Calculate the highest common divisor of 22561 and 42966.
77
What is the highest common divisor of 10298655 and 81?
9
Calculate the greatest common factor of 5838 and 375550.
14
What is the highest common divisor of 14135 and 49830?
55
What is the greatest common factor of 1749 and 47388996?
159
Calculate the greatest common factor of 49164264 and 279.
279
Calculate the greatest common divisor of 208150 and 588800.
1150
What is the highest common divisor of 185155 and 23085?
95
What is the greatest common divisor of 11889275 and 217?
31
What is the highest common factor of 474 and 87114?
6
Calculate the greatest common divisor of 72473653 and 236.
59
What is the greatest common divisor of 30 and 29211100?
10
Calculate the greatest common divisor of 2514962 and 21094.
398
What is the greatest common divisor of 1296 and 98129556?
324
What is the highest common factor of 268535674 and 44?
22
What is the greatest common factor of 236943 and 963?
9
Calculate the greatest common factor of 298870 and 1568710.
1430
What is the greatest common factor of 185050 and 2400?
50
Calculate the greatest common divisor of 1189 and 1054643.
1189
Calculate the greatest common factor of 11799 and 135378621.
621
What is the highest common factor of 1880 and 515980?
20
What is the greatest common divisor of 29876 and 3298988?
308
What is the greatest common divisor of 9 and 12775743?
9
What is the highest common factor of 91 and 1988389?
13
Calculate the highest common factor of 41 and 1269354506.
41
What is the greatest common factor of 26403809 and 7403?
673
What is the greatest common divisor of 6601230 and 385020?
6210
What is the highest common divisor of 244737 and 14058?
639
Calculate the greatest common factor of 4930 and 2006170.
170
Calculate the greatest common divisor of 28 and 590090116.
28
Calculate the greatest common factor of 15460480 and 2744.
392
What is the greatest common factor of 2473 and 31147435?
2473
What is the highest common divisor of 25853 and 166757?
103
Calculate the greatest common factor of 154 and 11625482.
22
What is the highest common factor of 79948 and 15318?
46
Calculate the greatest common factor of 80865 and 127290.
15
Calculate the highest common divisor of 8527727 and 517.
47
Calculate the highest common divisor of 423 and 11414373.
141
What is the greatest common divisor of 24119 and 574762?
89
Calculate the highest common factor of 54290 and 15565980.
610
What is the highest common divisor of 2050 and 330750?
50
Calculate the greatest common factor of 3953980 and 180.
20
Calculate the highest common divisor of 960 and 27742860.
60
What is the highest common divisor of 1529 and 65469?
139
What is the greatest common factor of 5402390 and 142?
142
What is the greatest common divisor of 4164980 and 1044?
116
What is the highest common divisor of 741 and 3316963?
247
Calculate the greatest common divisor of 922395245 and 123.
41
Calculate the highest common divisor of 118006077 and 177.
177
What is the highest common divisor of 36 and 42024159?
9
Calculate the highest common factor of 355 and 589542465.
355
Calculate the highest common divisor of 13018804 and 408.
68
What is the greatest common divisor of 39572976 and 384?
48
What is the highest common factor of 3177226493 and 12593?
12593
What is the highest common factor of 711900055 and 1630?
815
Calculate the highest common divisor of 149169737 and 403.
31
What is the greatest common factor of 183 and 1449604?
61
Calculate the highest common factor of 1032 and 1213288.
344
Calculate the highest common factor of 3780 and 360640.
140
What is the highest common divisor of 847466630 and 10?
10
What is the greatest common factor of 38220 and 4016220?
780
What is the greatest common divisor of 18941840 and 240?
80
What is the greatest common divisor of 13926015 and 76320?
2385
What is the highest common divisor of 6 and 14103066?
6
What is the greatest common divisor of 42534577 and 11619?
1291
Calculate the highest common divisor of 537 and 242746017.
537
Calculate the greatest common factor of 901623 and 5807661.
5037
Calculate the highest common divisor of 14 and 141938013.
7
What is the greatest common factor of 586 and 946075318?
586
What is the highest common factor of 28 and 2435464906?
14
Calculate the greatest common factor of 16146 and 2137482.
1242
What is the highest common divisor of 4533282 and 41184?
234
What is the highest common factor of 14092116 and 2664?
444
Calculate the highest common factor of 443 and 94906105.
443
Calculate the greatest common factor of 27157875 and 600.
75
Calculate the highest common divisor of 1080125655 and 345.
345
What is the greatest common divisor of 34 and 737279052?
34
What is the highest common factor of 66010023 and 207?
207
Calculate the highest common factor of 9560440 and 13598.
1046
What is the highest common factor of 216 and 3156156?
36
What is the greatest common factor of 19170 and 935922?
426
Calculate the highest common factor of 25848 and 111327.
3
What is the greatest common factor of 11894666 and 329?
329
Calculate the greatest common divisor of 733 and 744162124.
733
What is the highest common factor of 26594830 and 960?
10
Calculate the highest common factor of 287 and 